11?
5a64
-14ab (base 12) to base 15
-ac5
Convert -200 (base 4) to base 8.
-40
Convert -243242 (base 5) to base 14.
-34cd
10012212022 (base 3) to base 16
f75b
Convert 120303 (base 6) to base 16.
28ef
Convert 1a826 (base 13) to base 16.
cacb
What is -717 (base 13) in base 4?
-102303
-131311 (base 4) to base 6
-12501
Convert 22000221 (base 3) to base 13.
2887
What is 659 (base 16) in base 12?
b35
What is 643 (base 16) in base 10?
1603
-13210 (base 4) to base 16
-1e4
101665 (base 7) to base 3
212222211
Convert -154 (base 11) to base 9.
-220
Convert -44212 (base 7) to base 6.
-123151
Convert -3c64 (base 16) to base 4.
-3301210
Convert -403 (base 9) to base 10.
-327
Convert 7643 (base 15) to base 10.
25038
Convert -e7aa (base 15) to base 9.
-74167
3344 (base 6) to base 3
1002001
1381 (base 10) to base 13
823
7207 (base 8) to base 15
117e
What is -1320110 (base 4) in base 15?
-2435
What is 13a2 (base 11) in base 8?
3416
Convert -e61 (base 16) to base 10.
-3681
What is -43441 (base 5) in base 2?
-101110110100
What is -201020011 (base 3) in base 10?
-14017
Convert -46004 (base 7) to base 13.
-5405
-12153 (base 6) to base 11
-1394
What is 1e3e (base 15) in base 7?
25124
What is 41001 (base 7) in base 10?
9948
-10a (base 11) to base 15
-8b
What is 442 (base 15) in base 10?
962
What is 17332 (base 9) in base 7?
46541
Convert -204302 (base 6) to base 11.
-11464
Convert 30212 (base 4) to base 6.
3422
-2050 (base 8) to base 12
-748
What is -11504 (base 6) in base 5?
-23241
Convert -20022220 (base 3) to base 9.
-6286
10899 (base 10) to base 8
25223
Convert -101462 (base 9) to base 8.
-165376
-1011100001110 (base 2) to base 14
-2218
4592 (base 13) to base 10
9752
Convert -953 (base 14) to base 13.
-ab4
Convert -263 (base 8) to base 13.
-10a
-4cb (base 14) to base 15
-443
Convert 928 (base 13) to base 2.
11000010011
Convert -10000000010011 (base 2) to base 13.
-3978
What is 2222102 (base 3) in base 7?
6221
Convert -2022111102 (base 3) to base 13.
-17978
Convert 4286 (base 13) to base 8.
22024
41001 (base 7) to base 12
5910
What is 21645 (base 7) in base 4?
1111200
What is 2323 (base 7) in base 9?
1144
What is -1f5e (base 16) in base 4?
-1331132
-14253 (base 15) to base 3
-10021200120
3201 (base 7) to base 9
1483
3768 (base 12) to base 9
8538
Convert 502 (base 16) to base 2.
10100000010
What is 20815 (base 9) in base 2?
11010111011000
24242 (base 11) to base 6
425314
Convert 4 (base 10) to base 13.
4
Convert -1155 (base 14) to base 6.
-21543
-1434b (base 12) to base 7
-145016
What is 37572 (base 8) in base 12?
94a2
What is 3504 (base 6) in base 15?
3a7
What is -2152 (base 14) in base 15?
-1a8b
Convert -6a (base 11) to base 14.
-56
Convert -20011 (base 5) to base 4.
-103220
What is 44 (base 10) in base 15?
2e
What is -1146 (base 12) in base 3?
-2122100
34b (base 13) to base 2
1000111010
What is -111101010101 (base 2) in base 16?
-f55
What is -11102231 (base 4) in base 7?
-120125
What is -21101212 (base 3) in base 15?
-18eb
What is 665 (base 7) in base 5?
2331
-130564 (base 9) to base 6
-1410351
23211 (base 5) to base 13
9c4
What is -231114 (base 6) in base 14?
-7274
What is -3444 (base 11) in base 15?
-151a
565 (base 13) to base 14
4a4
-23189 (base 10) to base 8
-55225
101201202 (base 3) to base 2
1111010001111
Convert 28bb (base 14) to base 7.
30024
What is 277e (base 16) in base 9?
14773
Convert d22 (base 16) to base 15.
ee2
Convert -233224 (base 5) to base 15.
-280e
What is -1e0 (base 15) in base 11?
-366
Convert -416 (base 7) to base 13.
-131
What is 2010 (base 4) in base 10?
132
c191 (base 13) to base 16
681b
What is -5a9 (base 12) in base 4?
-31101
Convert 1151 (base 6) to base 12.
1b7
What is 422 (base 5) in base 4?
1300
1002 (base 7) to base 9
423
What is -104 (base 7) in base 11?
-49
Convert -221 (base 9) to base 4.
-2311
What is -17687 (base 9) in base 11?
-9208
Convert -1010 (base 4) to base 2.
-1000100
433242 (base 5) to base 12
86b2
What is 3230101 (base 4) in base 2?
11101100010001
Convert e7 (base 15) to base 9.
261
3231233 (base 4) to base 14
578b
404 (base 14) to base 5
11123
What is 7d28 (base 15) in base 8?
63734
2557 (base 10) to base 9
3451
Convert -10011011100 (base 2) to base 15.
-57e
What is -11010110111100 (base 2) in base 14?
-5028
29 (base 12) to base 5
113
1408 (base 10) to base 6
10304
Convert -1012110110 (base 3) to base 14.
-88a4
Convert 212002120 (base 3) to base 5.
1014321
4d36 (base 14) to base 7
54366
What is 4222 (base 9) in base 7?
12014
1220 (base 7) to base 4
13013
What is -2029 (base 14) in base 15?
-1985
What is 3042 (base 5) in base 11?
331
-101100010 (base 3) to base 12
-4440
Convert -20395 (base 10) to base 3.
-1000222101
What is 4245 (base 8) in base 3?
10000222
What is 1032342 (base 5) in base 11?
12455
What is 21372 (base 12) in base 11?
2a934
Convert -1563 (base 8) to base 6.
-4031
-450 (base 10) to base 2
-111000010
What is -22232102 (base 4) in base 2?
-1010101110010010
What is -a50 (base 14) in base 6?
-13222
What is -211022111 (base 3) in base 16?
-3f8b
What is -11221122 (base 3) in base 7?
-13343
-111111110100 (base 2) to base 10
-4084
What is 3312020 (base 4) in base 3?
210121102
What is -12331 (base 6) in base 8?
-3477
What is 3d3 (base 15) in base 7?
2355
Convert 11120020 (base 3) to base 16.
cff
Convert 72832 (base 9) to base 16.
bbbe
Convert 2580 (base 10) to base 9.
3476
What is -242 (base 11) in base 4?
-10200
-3312 (base 5) to base 9
-557
-1001101 (base 3) to base 12
-53a
What is -200100 (base 3) in base 7?
-1305
What is -1840 (base 11) in base 2?
-100100100111
What is -139 (base 11) in base 12?
-117
950 (base 12) to base 9
1766
-1391b (base 12) to base 13
-c524
-3740 (base 11) to base 9
-6626
What is 772 (base 12) in base 8?
2106
What is 3151 (base 9) in base 7?
6514
Convert -121662 (base 7) to base 4.
-11130102
What is 10000010000 (base 2) in base 16?
410
What is 337 (base 8) in base 13?
142
Convert -d1a (base 16) to base 12.
-1b36
Convert -674 (base 10) to base 14.
-362
What is -10101011111 (base 2) in base 15?
-61a
What is 34d (base 16) in base 2?
1101001101
What is 11101001011 (base 2) in base 3?
2120011
What is 1000111010111001 (base 2) in base 3?
1212010020
-1976 (base 13) to base 14
-1567
Convert 12aa7 (base 11) to base 6.
222130
What is 1399 (base 11) in base 14?
92a
What is -b697 (base 16) in base 10?
-46743
33571 (base 8) to base 7
56255
Convert -2783 (base 13) to base 16.
-1634
533 (base 6) to base 16
c9
Convert -20014 (base 7) to base 4.
-1023031
Convert 2221 (base 3) to base 4.
1033
What is 34170 (base 8) in base 7?
60101
Convert -4325 (base 13) to base 12.
-5492
-2a0 (base 15) to base 14
-30c
Convert 1707 (base 9) to base 4.
110113
172705 (base 8) to base 2
1111010111000101
14004 (base 6) to base 13
ca6
Convert 1500 (base 11) to base 6.
12544
Convert 232220 (base 4) to base 6.
21452
-1510 (base 10) to base 7
-4255
Convert -3062 (base 7) to base 4.
-100301
What is -a576 (base 11) in base 10?
-13998
What is -25110 (base 12) in base 3?
-2112221210
Convert 1650 (base 15) to base 2.
1001011000000
Convert -85218 (base 9) to base 4.
-31233320
Convert 8408 (base 13) to base 14.
6924
1bb9 (base 12) to base 10
3453
a76 (base 12) to base 10
1530
35042 (base 8) to base 6
152522
What is 1159 (base 16) in base 3?
20002111
Convert -915 (base 11) to base 2.
-10001010001
102001110 (base 3) to base 7
32331
Convert -12142 (base 12) to base 13.
-b13b
Convert -39027 (base 10) to base 7.
-221532
What is -121330 (base 4) in base 3?
-2021111
-2002001 (base 3) to base 16
-5e9
What is -111020 (base 3) in base 13?
-216
What is 7546 (base 8) in base 14?
1618
-244c (base 14) to base 15
-1d2a
What is -1010011010001 (base 2) in base 11?
-4005
What is -10000010110 (base 2) in base 9?
-1382
What is 331302 (base 4) in base 11?
2a75
Convert -5568a (base 11) to base 12.
-3a838
Convert 233510 (base 6) to base 3.
1000210220
10010110011 (base 2) to base 4
102303
Convert -c6 (base 15) to base 2.
-10111010
Convert 263c (base 15) to base 11.
6146
What is -15611 (base 8) in base 9?
-10602
32c1 (base 14) to base 9
13050
-1261 (base 7) to base 10
-484
What is -101100011 (base 2) in base 7?
-1015
Convert 1532 (base 7) to base 4.
21203
What is 3397 (base 16) in base 8?
31627
Convert -c2 (base 15) to base 2.
-10110110
59005 (base 